 of q and 1672?
11
Let s be 9 + (10 + 4 - 13). What is the greatest common divisor of 4 and s?
2
Let h(w) = 6*w**3 - 5*w**2 + 47. Let o be h(5). What is the greatest common divisor of 175 and o?
7
Let u be ((-228)/3)/((-4)/(-6)). Let f = -3805 + 3928. Let w = u + f. Calculate the greatest common factor of 117 and w.
9
Let m = 370 - 678. Let i be ((-153)/6)/(14/m). What is the greatest common divisor of 33 and i?
33
Let s = 4537 + -4333. Calculate the highest common divisor of s and 153.
51
Let r be 209 - 21/7 - 5. Let n = 258 - r. Calculate the greatest common factor of 513 and n.
57
Let b(k) = -335 + 156 + 173 - 7*k - k**2. Let i be b(-2). What is the greatest common divisor of i and 180?
4
Suppose 0 = -12*r + 8*r + 3700. Let b = r + -601. Let d(p) = -5*p + 1. Let m be d(-7). What is the highest common divisor of m and b?
36
Let f be (40*36/(-270))/((-1)/429). What is the highest common factor of f and 220?
44
Let o be -3 - ((-2)/14 - 740/(-35)). Let u be ((-4)/o + 4/(-6))*-22. Let g(k) = -3*k + 2. Let l be g(-3). Calculate the greatest common divisor of u and l.
11
Suppose -19*f - 350 + 1148 = 0. Suppose m + f = 7*m. Suppose -8 = -5*x + 307. What is the greatest common divisor of m and x?
7
Let g be -4*(9/4)/(-3). Suppose -38*f = -270 + 35 + 45. Suppose 2*q = -4*j + g*q + 13, -2*q = f*j - 13. What is the greatest common divisor of j and 2?
1
Suppose 3323417 = 348*z - 1724122 - 4096161. What is the greatest common divisor of z and 25?
25
Let k = -47 + 50. Suppose -d + 192 = n, -n = k*n + d - 762. Suppose -4*p - p = h - n, 24 = p + 3*h. Calculate the greatest common divisor of 13 and p.
13
Let f be -1 + 4 + (90/9 - -249). Let h = -70 + f. What is the greatest common divisor of h and 6?
6
Let s = 1612 + 315. Calculate the highest common factor of s and 47.
47
Suppose -3895 - 8252 = -4*x - 5*h, -4*x + 4*h = -12120. What is the greatest common factor of x and 9?
9
Suppose 0 = t + 2*k - 29049, 22*t - 5*k = 28*t - 174315. Calculate the greatest common factor of t and 15.
15
Let w = -10627 + 18807. Calculate the highest common factor of 30 and w.
10
Let v(h) = 2*h**3 - 55*h**2 - 24*h + 103. Let c be v(28). Calculate the highest common factor of 5 and c.
5
Suppose 18 = 4*r + 2*j - 10, 5*r + 3*j - 36 = 0. Let x be ((45/r)/5)/((-3)/(-66)). Calculate the highest common factor of x and 253.
11
Let w be (0 - -2)/((-3072)/(-216) + -14). Calculate the greatest common factor of w and 16965.
9
Suppose 17*q = 24*q - 7. Let w be (103 - -1) + q*-5. Suppose 0 = -p - u - 0 + 6, -4*u = -5*p + 75. What is the highest common divisor of w and p?
11
Suppose 0 = -41*i + 52*i - 3630. Suppose 42*n + i = 45*n. Suppose 78 + 54 = 3*t. Calculate the highest common divisor of n and t.
22
Suppose 374 = 428*i - 426*i. Calculate the highest common divisor of 34 and i.
17
Suppose 4*n = 3*s - 46, 3*s - 5*n = 32 + 18. Suppose 0 = s*f - 8*f - 120. Calculate the greatest common divisor of 45 and f.
15
Let f(w) = 47*w**3 + 20*w**2 - 38*w - 2. Let k be f(3). What is the highest common divisor of k and 31?
31
Let c(d) = d**3 - 2*d**2 - 7*d - 9. Let k be c(8). Let r = 20334 + -20218. What is the greatest common factor of k and r?
29
Let k(d) = -4*d - 6. Let w be k(-5). Let f = 6300 + -6244. What is the greatest common divisor of w and f?
14
Suppose 2 - 340 = -26*h. Suppose h*b - 3150 = 3*b. Calculate the highest common divisor of 35 and b.
35
Suppose -3*m + 5*s = -3359, -1298*m = -1295*m + 5*s - 3349. What is the greatest common divisor of 13 and m?
13
Suppose 219 = -a + 4*s + 793, 2*a + s = 1202. What is the highest common factor of a and 325?
13
Suppose -89*j + 82691 = 15407. What is the greatest common factor of 98 and j?
14
Suppose -18*g - 775808 = 168*g - 2508398. What is the highest common divisor of g and 30?
15
Suppose -129*r = -131*r + 3*g + 3279, -2*r + 3278 = -2*g. What is the greatest common factor of 3 and r?
3
Let n be 1091 - (380/266 - (-46)/7). Calculate the greatest common divisor of 513 and n.
57
Suppose 25*d - 40710 + 7635 = 0. Let l be (-108)/32 - -3 - d/(-8). Calculate the highest common factor of 15 and l.
15
Suppose -3*x - 4*g + 11045 = 0, 6*x - 8*g + 3*g = 22025. What is the highest common factor of x and 1785?
105
Let n = 22 - -4. Let a = -2003 + 1957. Let z be 69/a*n/(-3). What is the highest common factor of z and 104?
13
Let c = 22549 - 19260. What is the highest common divisor of 1287 and c?
143
Let r = -55 - -159. Calculate the greatest common divisor of 1924 and r.
52
Suppose -491*s = -49*s - 315588. Calculate the highest common factor of 1173 and s.
51
Suppose 0 = 5*j - 0*j - 265. Suppose -3*c = j - 221. Let l be 11*4/22*7. Calculate the greatest common divisor of l and c.
14
Let p be 1*20/(-30) - ((-257)/3)/1. Calculate the greatest common factor of 136 and p.
17
Suppose 189*d + 189*d + 10220 = 382*d. Calculate the highest common factor of d and 280.
35
Suppose 27*y = 47*y - 3960. Calculate the greatest common divisor of 1023 and y.
33
Suppose -4727064 = -189*v - 630489. What is the greatest common divisor of 150 and v?
75
Suppose -2884 = -7*k - 357. Suppose 0 = -k*c + 363*c - 20. Calculate the highest common factor of 150 and c.
10
Suppose -4*q + 2024 = 4*n, 2*q + n - 1022 = -3*n. Suppose -q*c = -506*c + 1305. Calculate the highest common divisor of 58 and c.
29
Let n(o) = -3*o - 152 + 142 + 3*o**2 - 4*o**2 + 5*o**2. Let y be n(-5). What is the highest common divisor of y and 126?
21
Let y(h) = h**3 + 22*h**2 - 9*h + 149. Let a be y(13). Calculate the highest common factor of a and 57.
19
Suppose 1404 = -1065*r - 1073*r + 2144*r. What is the greatest common factor of r and 72?
18
Suppose 0 = -4*l + 20, -6*x = -2*x + 4*l - 52. Let n = 50 - -182. Calculate the greatest common factor of x and n.
8
Let t be (-3)/12 - 329/(-4). Let f = t - 72. Suppose 2*d = -f + 52. Calculate the highest common factor of d and 3.
3
Suppose 2*h = 4*n - 3*h - 195, 4*n - 4*h = 196. Suppose -n*k = -44*k - 204. Calculate the highest common divisor of k and 102.
34
Let u = 16 + -2. Let i(r) = -20*r**3 + 12*r**3 - 10*r + 13*r**2 + 10*r**3 + 0 - 7. Let b be i(-7). Calculate the highest common factor of u and b.
14
Let c(x) = -x + 5. Let n be c(5). Let z be -2 - 4/4 - (-23 - n). What is the highest common factor of z and 6?
2
Suppose -47 = p - 183. Let r(u) = -u**3 - 14*u**2 + 74*u + 1070. Let t be r(-14). Calculate the highest common factor of t and p.
34
Suppose 4*t + 11 = 3*l, -45*t = -2*l - 46*t. Let o be (-15 + 3)/((-2)/l) + 210. Calculate the highest common factor of 243 and o.
27
Suppose -44*u = 39*u - 29*u - 61236. What is the greatest common divisor of 693 and u?
63
Let h(p) = 90 - 16*p + 106 + 23*p. Let v be h(11). What is the highest common factor of 63 and v?
21
Let x be (17 - 785)/((-9)/24). Let n be (36/15)/(54/360). What is the greatest common factor of n and x?
16
Let s = -35 - -45. Let a be s/(-60) + (-2)/(-12). Suppose a = -6*m + 3*m + 36. Calculate the greatest common factor of 84 and m.
12
Let c(h) be the second derivative of h**3/3 + 45*h**2 + 6*h - 6. Let n be c(30). What is the highest common factor of 250 and n?
50
Let k be (-1)/(128/258 - (-6)/(-12)). Suppose -3*y + k = 5*q - 0*y, 5*y - 107 = -2*q. What is the highest common factor of q and 3?
3
Let h be 10 + -4 + -1 + -3. Suppose g = a + 343, 3*g + 0*g = -h*a + 1029. What is the greatest common divisor of g and 7?
7
Let r = 9839 + -9829. Suppose -2*p - 5*q + 103 = -62, -5*q + 305 = 4*p. What is the greatest common divisor of r and p?
10
Suppose -1528 + 1494 = -17*w. Let h(o) = -o - 5. Let m be h(-4). Let i be (-15)/9*(-4 - m). Calculate the highest common factor of i and w.
1
Let s = -47 + 59. Suppose -s*a = 10*a - 396. Calculate the greatest common divisor of a and 90.
18
Suppose -b - z + 0*z = -10, -3*z = -6. Let h = 30 - 26. Suppose v = 2*v + n - 70, 2*v + h*n - 136 = 0. Calculate the greatest common factor of b and v.
8
Suppose 0 = -r + 4*r - 48. Let p = 189 + -185. Suppose 4 = -p*i, -c - 61 = -5*c - 3*i. What is the greatest common divisor of c and r?
16
Suppose 6294 + 6043 = 9*r + 4885. Calculate the greatest common divisor of 1058 and r.
46
Suppose 12*t - 1053 = -27*t. Calculate the greatest common factor of 2340 and t.
9
Let z be -2 - -699 - 32/(-384)*-48. Calculate the greatest common factor of 3